f 31761618?
2, 3, 7, 67, 11287
List the prime factors of 3253031.
3253031
What are the prime factors of 4104130?
2, 5, 410413
List the prime factors of 12607318.
2, 311, 20269
What are the prime factors of 451869?
3, 11, 13693
What are the prime factors of 232594?
2, 17, 6841
List the prime factors of 2747132.
2, 17, 71, 569
What are the prime factors of 9588471?
3, 3196157
List the prime factors of 13647997.
11, 97, 12791
List the prime factors of 28655063.
89, 397, 811
List the prime factors of 18619000.
2, 5, 43, 433
What are the prime factors of 333253?
333253
What are the prime factors of 44879?
44879
What are the prime factors of 7693076?
2, 41, 61, 769
List the prime factors of 127146.
2, 3, 21191
What are the prime factors of 52979?
31, 1709
List the prime factors of 8681986.
2, 4340993
List the prime factors of 12192056.
2, 1524007
List the prime factors of 4255321.
7, 17, 35759
List the prime factors of 96303.
3, 47, 683
What are the prime factors of 309501?
3, 3821
What are the prime factors of 5251454?
2, 13, 201979
What are the prime factors of 158881?
158881
List the prime factors of 2239419.
3, 7, 13, 631
What are the prime factors of 1188582?
2, 3, 198097
What are the prime factors of 948406?
2, 227, 2089
List the prime factors of 260617.
7, 31, 1201
What are the prime factors of 371942?
2, 185971
List the prime factors of 2235820.
2, 5, 111791
What are the prime factors of 172000?
2, 5, 43
What are the prime factors of 169677?
3, 17, 1109
What are the prime factors of 7881083?
7, 43, 26183
List the prime factors of 13968359.
421, 33179
What are the prime factors of 142881?
3, 97, 491
What are the prime factors of 6401768?
2, 800221
What are the prime factors of 313140?
2, 3, 5, 17, 307
List the prime factors of 5615093.
11, 510463
List the prime factors of 84637.
7, 107, 113
List the prime factors of 87912.
2, 3, 11, 37
List the prime factors of 761570.
2, 5, 76157
What are the prime factors of 502706?
2, 251353
List the prime factors of 4937.
4937
List the prime factors of 212819.
19, 23, 487
What are the prime factors of 40973?
40973
List the prime factors of 37036.
2, 47, 197
List the prime factors of 209287.
13, 17, 947
List the prime factors of 12320106.
2, 3, 1013, 2027
What are the prime factors of 29734031?
19, 1564949
List the prime factors of 283913.
7, 40559
List the prime factors of 610347.
3, 203449
What are the prime factors of 5132884?
2, 29, 44249
What are the prime factors of 1071510?
2, 3, 5, 11, 17, 191
List the prime factors of 6473962.
2, 11, 103, 2857
What are the prime factors of 346846?
2, 61, 2843
What are the prime factors of 1926708?
2, 3, 7, 22937
What are the prime factors of 762261?
3, 19, 43, 311
What are the prime factors of 32489942?
2, 61, 251, 1061
What are the prime factors of 1136040?
2, 3, 5, 9467
List the prime factors of 1372689.
3, 43, 3547
List the prime factors of 23698999.
1051, 22549
List the prime factors of 3171091.
7, 11, 41183
List the prime factors of 4617470.
2, 5, 11, 13, 3229
What are the prime factors of 7086302?
2, 3543151
List the prime factors of 343702.
2, 171851
What are the prime factors of 317254?
2, 7, 17, 31, 43
What are the prime factors of 8623370?
2, 5, 7, 123191
List the prime factors of 410360.
2, 5, 10259
List the prime factors of 8060742.
2, 3, 113, 1321
What are the prime factors of 12714237?
3, 1412693
List the prime factors of 36078761.
31, 1163831
What are the prime factors of 2041998?
2, 3, 7, 48619
What are the prime factors of 5861663?
5861663
What are the prime factors of 1242016?
2, 37, 1049
What are the prime factors of 99172?
2, 24793
List the prime factors of 1603358.
2, 37, 47, 461
List the prime factors of 40927774.
2, 1091, 18757
What are the prime factors of 7573614?
2, 3, 1262269
What are the prime factors of 32811?
3, 10937
What are the prime factors of 173328?
2, 3, 23, 157
What are the prime factors of 2612402?
2, 13, 59, 131
List the prime factors of 1977635.
5, 11, 41, 877
What are the prime factors of 13186233?
3, 173, 941
List the prime factors of 81099.
3, 9011
What are the prime factors of 135804?
2, 3, 11317
List the prime factors of 1297140.
2, 3, 5, 13, 1663
List the prime factors of 517719.
3, 172573
What are the prime factors of 387310?
2, 5, 7, 11, 503
What are the prime factors of 1315322?
2, 657661
What are the prime factors of 6711940?
2, 5, 17, 19, 1039
What are the prime factors of 14873768?
2, 7, 13, 20431
List the prime factors of 10943.
31, 353
What are the prime factors of 211126?
2, 105563
What are the prime factors of 143944?
2, 19, 947
What are the prime factors of 91695?
3, 5, 6113
List the prime factors of 367370.
2, 5, 17, 2161
List the prime factors of 2114894.
2, 193, 5479
What are the prime factors of 503404?
2, 11, 17, 673
List the prime factors of 127929.
3, 42643
What are the prime factors of 2177930?
2, 5, 217793
List the prime factors of 440483.
53, 8311
What are the prime factors of 2744823?
3, 914941
What are the prime factors of 181086?
2, 3, 30181
List the prime factors of 2492.
2, 7, 89
List the prime factors of 2261929.
41, 43, 1283
List the prime factors of 8613801.
3, 7, 136727
What are the prime factors of 1517012?
2, 7, 17, 3187
List the prime factors of 186529.
7, 26647
List the prime factors of 17458221.
3, 11, 529037
List the prime factors of 21465853.
313, 68581
What are the prime factors of 3559012?
2, 863, 1031
What are the prime factors of 376922?
2, 7, 13, 19, 109
What are the prime factors of 10180393?
10180393
What are the prime factors of 18725377?
11, 53, 32119
List the prime factors of 16843685.
5, 17, 71, 2791
What are the prime factors of 1273205?
5, 149, 1709
What are the prime factors of 246666?
2, 3, 7, 839
What are the prime factors of 14247025?
5, 13, 59, 743
What are the prime factors of 2581082?
2, 7, 263, 701
List the prime factors of 249648.
2, 3, 7, 743
What are the prime factors of 314689?
137, 2297
List the prime factors of 6576926.
2, 17, 19, 10181
List the prime factors of 2276612.
2, 13, 43781
List the prime factors of 479343.
3, 23, 6947
What are the prime factors of 2255361?
3, 751787
What are the prime factors of 200053?
7, 28579
List the prime factors of 202083.
3, 7, 9623
List the prime factors of 2582932.
2, 11, 47, 1249
List the prime factors of 3488557.
479, 7283
List the prime factors of 143273.
13, 103, 107
What are the prime factors of 547966?
2, 83, 3301
What are the prime factors of 725887?
101, 7187
What are the prime factors of 3700488?
2, 3, 11, 107, 131
List the prime factors of 26498532.
2, 3, 647, 3413
What are the prime factors of 26762?
2, 13381
List the prime factors of 2928483.
3, 107, 3041
What are the prime factors of 1083677?
7, 149, 1039
List the prime factors of 8231001.
3, 397, 6911
What are the prime factors of 338549?
233, 1453
What are the prime factors of 539166?
2, 3, 23, 3907
What are the prime factors of 364535?
5, 72907
What are the prime factors of 564774?
2, 3, 7, 17, 113
List the prime factors of 197873.
13, 31, 491
What are the prime factors of 3005021?
19, 109, 1451
What are the prime factors of 6188091?
3, 7, 13, 19, 1193
What are the prime factors of 264989?
193, 1373
What are the prime factors of 2450307?
3, 816769
What are the prime factors of 1635996?
2, 3, 136333
List the prime factors of 46400.
2, 5, 29
List the prime factors of 308397.
3, 17, 6047
List the prime factors of 1503024.
2, 3, 173, 181
List the prime factors of 19381299.
3, 7, 181, 5099
List the prime factors of 2150610.
2, 3, 5, 7, 11, 19
List the prime factors of 1040419.
1040419
List the prime factors of 2065832.
2, 19, 13591
List the prime factors of 1925720.
2, 5, 31, 1553
What are the prime factors of 8916447?
3, 2972149
List the prime factors of 78712.
2, 9839
What are the prime factors of 1543344?
2, 3, 11, 37, 79
What are the prime factors of 2429102?
2, 13, 93427
What are the prime factors of 7435?
5, 1487
What are the prime factors of 2438151?
3, 812717
What are the prime factors of 101790?
2, 3, 5, 13, 29
List the prime factors of 39963816.
2, 3, 555053
List the prime factors of 286928.
2, 79, 227
List the prime factors of 153411.
3, 51137
List the prime factors of 351243.
3, 13009
List the prime factors of 3713925.
3, 5, 23, 2153
List th